it of p(f)?
2
Suppose 0 = 4*k - b - 13, -5*k + 4*k - 11 = -5*b. What is the tens digit of (k + (-13)/2)*-6?
1
Suppose -v = -4*v - 126. Let b = v - -78. What is the tens digit of b?
3
Let w(v) = -234*v**3 - v**2 + 2*v - 2. Let o be w(1). Let n = o + 420. Suppose 5*t - 5*s = n, -5*t + 243 - 66 = -3*s. What is the tens digit of t?
3
Let p(h) = -22*h + 58. Let j(i) = 11*i - 29. Let l(q) = 13*j(q) + 6*p(q). What is the units digit of l(11)?
2
Let t(c) = 10*c**3 + 23*c**3 + 2*c - 5*c**2 + 4*c**2 - 1. What is the units digit of t(1)?
3
Suppose -15*g + 14718 - 633 = 0. What is the tens digit of g?
3
Let v(b) = 6*b - 17 - 12 + 24 + b. What is the units digit of v(2)?
9
Let b(f) be the third derivative of f**6/24 + f**4/12 - f**3/6 - 2*f**2. Let p be b(1). What is the tens digit of 714/7*2/p?
3
Suppose -2*s - 504 = -f, -5*s + 1984 - 527 = 3*f. What is the hundreds digit of f?
4
Suppose -3*m + 4*y + 853 = -8*m, 4*m - y = -674. Let a = 341 + m. What is the units digit of a?
2
Let u = 10 + -3. Let t(i) = -1 - 2*i**2 + i - 3*i + u*i**2. What is the units digit of t(-2)?
3
Let s = 33 - 21. Suppose -5*h - 78 = 3*i - 0*i, 0 = 4*h + 5*i + 52. Let q = s - h. What is the units digit of q?
0
Let m(f) be the first derivative of f**4/4 + 2*f**3/3 + 2*f**2 + f - 9. Let c(h) be the first derivative of m(h). What is the tens digit of c(4)?
6
Let q(b) = 2 + 0 - 4 + 4 + 6*b. Let z be 2 + 0 + (2 - -2). What is the tens digit of q(z)?
3
Let f = -68 - -64. What is the hundreds digit of 2*(f + 0 - -5 - -159)?
3
Suppose -4*a - 2*i + 362 = 0, -2*a + 2*i + 172 = -0*a. Let w = a - 16. What is the units digit of w?
3
Suppose -2*y + 3*l + 13 = 0, 6*y - 3*y = -3*l - 3. Let o be (3 + -4)/(1/(-4)). Suppose y*g - o*g = v - 22, 3*v + 5*g - 62 = 0. What is the units digit of v?
4
Let y = 38 + -33. Suppose -y*l - 95 = -735. What is the hundreds digit of l?
1
Let n(t) = -t - 7. Let o be n(-7). Let u be 1*o*(-4)/16. What is the units digit of 2 + (u - -22) + 1?
5
Let f(d) = -13*d**2 - 5*d. Let n be f(4). Let i = n + 342. What is the tens digit of i?
1
Let i(z) = z**3 + 11*z**2 + 9*z - 5. Let s be i(-10). Let b(q) = 8*q - 14. What is the tens digit of b(s)?
2
Suppose 3*z = 22*h - 17*h + 270, 2*z = 2*h + 184. What is the tens digit of z?
9
Let b be 12/(-18) + (-7)/3. What is the units digit of (6/b)/((-4)/26)?
3
Suppose -2697 = -17*f + 7163. What is the units digit of f?
0
Let v = 3447 - 2244. What is the hundreds digit of v?
2
Let o be (9/(-2))/((-12)/(-32)). Let j = o + 10. What is the units digit of 37*(j + -2 - -5)?
7
Suppose -m - 192 + 822 = 4*t, -4*m = -4*t - 2560. What is the units digit of m?
8
Let m = 401 - 250. Let j = m + -31. What is the hundreds digit of j?
1
Suppose x = 8*x - 14. Let k(p) = -4*p + 7. Let b(q) = -q + 1. Let n(s) = -5*b(s) + k(s). What is the units digit of n(x)?
4
Let l = 15 + -6. Suppose l + 1 = g. Suppose -2 = -2*f + g. What is the units digit of f?
6
Let k = -24 - -38. Suppose 10*p - k = 8*p. What is the units digit of ((-24)/p)/((-2)/14)?
4
Suppose 0 = 6*j - 3*j - 186. Let u be (-5)/15 - j/(-6). What is the tens digit of (-4)/10 + 194/u?
1
Suppose 4*a + 3*h = 7555, -h + 1357 = -2*a + 5122. What is the units digit of a?
5
Let m be (7/21)/(2/(2 + 10)). Let c(a) = -a**3 - 6*a**2 - 7*a - 7. Let j be c(-6). Suppose 7*f = m*f + j. What is the units digit of f?
7
What is the units digit of (11/(-4))/((-24)/96)?
1
Let z(s) = 2*s + 30. Let p be z(-13). Suppose -4*t + 84 = -p*j, -6*t + 3*j = -2*t - 79. What is the tens digit of t?
1
Let p = 310 + 710. What is the thousands digit of p?
1
What is the thousands digit of (7774 + 8)/6*1?
1
Suppose 0 = a + a + 20. Let z = a + 10. Suppose -3*m - 2*n + 33 = -5*n, 3*m - 5*n - 41 = z. What is the units digit of m?
7
Let f(r) = 3*r**3 - 14*r**2 - 2*r + 3. What is the tens digit of f(6)?
3
Suppose 0 = -h - 3*t + 206, -h + 5*t + 91 = -131. What is the hundreds digit of h?
2
Let q = 138 + 38. Suppose 0 = -5*g + g + q. What is the units digit of g?
4
Suppose p = 5*z - 4, -5*z - p + 2 = -4*z. Suppose -z - 27 = -2*k. What is the tens digit of k?
1
Suppose d - 3 - 8 = 0. Let v be (d - 12)*-1*3. Suppose -t - v*t = -80. What is the tens digit of t?
2
What is the tens digit of (43*6/(-5))/(9/(-120))?
8
Let w be (-12)/(-36) - 1048/(-6). Let g = -101 + w. What is the units digit of g?
4
Let p be ((-6)/4 - -2)*168. Let s be -35 + 40/(-12)*3/(-2). Let z = p + s. What is the units digit of z?
4
Let d(x) = -x + 1. Let t(j) = 7*j - 10. Let n(m) = -6*d(m) - t(m). Let q be n(2). What is the tens digit of -40*(q + (-15)/6)?
2
Suppose 2*z - 64 = z. Let s = -36 + z. Suppose -s = -2*l + 26. What is the units digit of l?
7
Suppose -5*x = 4*j - 6653, -4*j = -x - 3*x + 5308. What is the hundreds digit of x?
3
Suppose 0 = q + 2*d - 141, 10*d + 604 = 4*q + 8*d. What is the tens digit of q?
4
Let f be (-1740)/14 + ((-8)/7)/(-4). What is the units digit of (f/(-6))/(6/36)?
4
Suppose 281944 = 92*y + 12*y. What is the units digit of y?
1
What is the thousands digit of (34/(-6))/(10 + (-35503)/3549)?
1
Let g = 205 + -55. What is the hundreds digit of g?
1
Suppose 70*d = 150196 + 120984. What is the thousands digit of d?
3
Let z = 51 - 32. Let s(b) = 11*b - 62. What is the units digit of s(z)?
7
Let z(a) = -a**3 - 11*a**2 + 9*a - 23. Let v be z(-11). Let l = v - -165. What is the tens digit of l?
4
Suppose -i - 5 = 3*m, m = -3*i - 2 + 11. Suppose i*f - 26 = -s, 5*f - 57 = -3*s - 0*f. What is the tens digit of s?
1
Suppose 5*y - 3*y - 16 = 0. Let v(o) = o**3 - 8*o**2 + 11*o - 6. Let t be v(y). Let m = t + -51. What is the units digit of m?
1
Suppose 2 - 4 = 2*l. Let n be -15*(l + 8/6). What is the tens digit of 2 + n + (-84)/(-3)?
2
Let q(m) = -2*m**3 - 9*m**2 - 9*m + 16. What is the tens digit of q(-11)?
8
Suppose 9*h - 5*h - 832 = 0. Suppose -2*w = 3*c - 92, -3*c + 20 - h = -5*w. What is the tens digit of w?
4
Let n(c) = 4*c - 3. Let z(d) = d. Let b(o) = -n(o) + 5*z(o). Let j = -86 - -95. What is the tens digit of b(j)?
1
Let u = -17 + 470. What is the tens digit of u?
5
Let d(u) be the second derivative of 5*u**3/6 + 5*u**2/2 + 15*u. What is the units digit of d(8)?
5
Let p(v) = -v**3 + 6*v**2 - 4*v - 1. Let t be p(5). Suppose 24 = t*q + 8. Suppose -25 = -q*b + 123. What is the units digit of b?
7
Let l = 952 + -107. What is the tens digit of l?
4
Let d(h) = -2*h - 56. Let n be d(-31). Suppose -4*l = -n*l + 336. What is the tens digit of l?
6
Suppose 682 = 85*m - 84*m. What is the units digit of m?
2
Let r = 539 - -772. What is the units digit of r?
1
Let y(h) = 4*h**2 + 4. Suppose -4*g + 17 = 1. Let a be y(g). Suppose 2*k = -2*k + a. What is the units digit of k?
7
Let p(o) = 117*o + 4. Let s be p(2). Let g = s + -155. What is the units digit of g?
3
Suppose -24*u + 3996 = -12*u. What is the tens digit of u?
3
Suppose y - 3 = 1, -2*x + 3*y = -3344. What is the hundreds digit of x?
6
Suppose 18*d - 17*d = 70. What is the units digit of d?
0
Let z be (-1)/((-3)/(-552)*-2). Suppose 2*y = -2*y + z. What is the units digit of y?
3
Let o(w) = 14*w**2 - 25*w - 143. What is the units digit of o(-6)?
1
Let z be (-9)/6*24/(-9). Suppose z*g - 28 + 4 = x, 5*g - 4*x = 41. Suppose g*p - 10*p + 100 = 0. What is the units digit of p?
0
Let o = -435 - -745. What is the units digit of o?
0
What is the hundreds digit of (63/(-18) + 3)*-4616?
3
What is the thousands digit of 23317/9 + 46/207 - 6?
2
What is the thousands digit of ((-4)/12)/(1 + (-43240)/43230)?
1
Let j(i) = 13*i + 12. Let z(o) = o**3 - 6*o**2 - o + 9. Let a be z(6). What is the tens digit of j(a)?
5
Let w be -3*-8*1/6. Suppose 0 = w*c - 12, 4*c - 285 = 5*u - c. Let q = u - -78. What is the units digit of q?
4
Suppose 33*v - 24084 - 26307 = 0. What is the units digit of v?
7
Let f be 5/(-20) - (-37)/4. Suppose -a - 3*t = -6, 5*a + 3*t - f = 9. Suppose 0 = 3*p - 0 - a, 4*q - 31 = 5*p. What is the units digit of q?
9
Suppose 7*m = 9 - 44. What is the units digit of 10160/112 + m/7 + 1?
1
Suppose 2*k = 4*k - 4*w - 108, 5*w - 54 = -k. Suppose k = 4*v + 2*v. What is the units digit of v?
9
Suppose -3*b - 2*h = -4*b + 64, 0 = 2*b + 5*h - 173. Let t = 1 + b. What is the tens digit of t?
7
Let o be (-1 + 4)*(-3 - -11)/4. Suppose -o*r + 3*r + 36 = 0. What is the tens digit of r?
1
Let g(o) = -o**3 - 8*o**2 + 15*o + 11